{"id":4550,"date":"2025-09-19T22:29:23","date_gmt":"2025-09-19T20:29:23","guid":{"rendered":"https:\/\/pacher-pruebas.com\/?post_type=product&#038;p=4550"},"modified":"2025-09-19T22:37:36","modified_gmt":"2025-09-19T20:37:36","slug":"pack-merienda","status":"publish","type":"product","link":"https:\/\/inigual.es\/en\/product\/pack-merienda\/","title":{"rendered":"Dinner snack pack"},"content":{"rendered":"<div class=\"descripcion\">\n<p>Our SNACK Pack includes:<\/p>\n<ul>\n<li>2 Cornstarch Alfajores<\/li>\n<li>3 Red Velvet Cookies<\/li>\n<li>2 Minidonuts<\/li>\n<li>1 Mini Cheesecake<\/li>\n<li>2 Cakepops<\/li>\n<li>1 Jar of Mousse<\/li>\n<li>1 small bottle of prepared cappuccino<\/li>\n<\/ul>\n<p><em>You can also include our savory tray. <\/em><\/p>\n<\/div>\n<div class=\"descripcion\">\n<p class=\"translation-block\">*All boxes contain:<br>\n\u2013 Napkins and forks<br>\n\u2013 Composition and allergen card<br>\n\u2013 Message card<\/em><\/p>\n<\/div>","protected":false},"excerpt":{"rendered":"<p><span style=\"font-weight: 400;\">Let's see, let's see.<\/span><\/p>\n<p><span style=\"font-weight: 400;\">Is there anything better than a delicious snack with the people you love most?<\/span><\/p>\n<p><span style=\"font-weight: 400;\">Reminiscing while enjoying a delicious jar of mousse, savoring cake pops and mini donuts, devouring a mini cheesecake and our cookies, all while cooling off with a rich cappuccino. You can also add our savory platter and complement everything with Serrano ham and one of our region's most famous cheeses, Don Apolonio's Manchego. Sounds good, doesn't it?<\/span><\/p>\n<p><span style=\"font-weight: 400;\">What are you waiting for to book it?<\/span><\/p>","protected":false},"featured_media":4551,"comment_status":"closed","ping_status":"closed","template":"","meta":{"_acf_changed":false},"product_brand":[],"product_cat":[29],"product_tag":[],"class_list":{"0":"post-4550","1":"product","2":"type-product","3":"status-publish","4":"has-post-thumbnail","6":"product_cat-desayunos-y-meriendas-a-domicilio","8":"first","9":"instock","10":"taxable","11":"shipping-taxable","12":"purchasable","13":"product-type-simple"},"acf":[],"yoast_head":"<!-- This site is optimized with the Yoast SEO plugin v27.2 - https:\/\/yoast.com\/product\/yoast-seo-wordpress\/ -->\n<title>Pack Merienda - Inigual | Reposter\u00eda creativa<\/title>\n<meta name=\"robots\" content=\"index, follow, max-snippet:-1, max-image-preview:large, max-video-preview:-1\" \/>\n<link rel=\"canonical\" href=\"https:\/\/inigual.es\/en\/product\/pack-merienda\/\" \/>\n<meta property=\"og:locale\" content=\"en_GB\" \/>\n<meta property=\"og:type\" content=\"article\" \/>\n<meta property=\"og:title\" content=\"Pack Merienda - Inigual | Reposter\u00eda creativa\" \/>\n<meta property=\"og:description\" content=\"A ver, a ver.  \u00bfHay algo mejor que una rica merendola con la gente que m\u00e1s quieres?  Recordando an\u00e9cdotas mientras os deleit\u00e1is con un delicioso tarrito de mousse, disfrut\u00e1is juntos de unos cakepops, unos minidonuts, devor\u00e1is la mini tarta de queso y nuestras cookies mientras os refresc\u00e1is con un riqu\u00edsimo cappuccino. Adem\u00e1s, puedes incluir nuestra bandeja salada, y acompa\u00f1ar todo lo anterior con jam\u00f3n serrano y uno de los quesos m\u00e1s famosos de nuestra tierra, el queso manchego de Don Apolonio. \u00bfSuena bien, verdad?  \u00bfA qu\u00e9 esperas para reservarlo?\" \/>\n<meta property=\"og:url\" content=\"https:\/\/inigual.es\/en\/product\/pack-merienda\/\" \/>\n<meta property=\"og:site_name\" content=\"Inigual | Reposter\u00eda creativa\" \/>\n<meta property=\"article:publisher\" content=\"https:\/\/www.facebook.com\/Inigual-700262766834423\" \/>\n<meta property=\"article:modified_time\" content=\"2025-09-19T20:37:36+00:00\" \/>\n<meta property=\"og:image\" content=\"https:\/\/inigual.es\/wp-content\/uploads\/2025\/09\/pack-merienda-ok.webp\" \/>\n\t<meta property=\"og:image:width\" content=\"1080\" \/>\n\t<meta property=\"og:image:height\" content=\"1080\" \/>\n\t<meta property=\"og:image:type\" content=\"image\/webp\" \/>\n<meta name=\"twitter:card\" content=\"summary_large_image\" \/>\n<script type=\"application\/ld+json\" class=\"yoast-schema-graph\">{\"@context\":\"https:\/\/schema.org\",\"@graph\":[{\"@type\":\"WebPage\",\"@id\":\"https:\/\/inigual.es\/producto\/pack-merienda\/\",\"url\":\"https:\/\/inigual.es\/producto\/pack-merienda\/\",\"name\":\"Pack Merienda - Inigual | Reposter\u00eda creativa\",\"isPartOf\":{\"@id\":\"https:\/\/inigual.es\/#website\"},\"primaryImageOfPage\":{\"@id\":\"https:\/\/inigual.es\/producto\/pack-merienda\/#primaryimage\"},\"image\":{\"@id\":\"https:\/\/inigual.es\/producto\/pack-merienda\/#primaryimage\"},\"thumbnailUrl\":\"https:\/\/inigual.es\/wp-content\/uploads\/2025\/09\/pack-merienda-ok.webp\",\"datePublished\":\"2025-09-19T20:29:23+00:00\",\"dateModified\":\"2025-09-19T20:37:36+00:00\",\"breadcrumb\":{\"@id\":\"https:\/\/inigual.es\/producto\/pack-merienda\/#breadcrumb\"},\"inLanguage\":\"en-GB\",\"potentialAction\":[{\"@type\":\"ReadAction\",\"target\":[\"https:\/\/inigual.es\/producto\/pack-merienda\/\"]}]},{\"@type\":\"ImageObject\",\"inLanguage\":\"en-GB\",\"@id\":\"https:\/\/inigual.es\/producto\/pack-merienda\/#primaryimage\",\"url\":\"https:\/\/inigual.es\/wp-content\/uploads\/2025\/09\/pack-merienda-ok.webp\",\"contentUrl\":\"https:\/\/inigual.es\/wp-content\/uploads\/2025\/09\/pack-merienda-ok.webp\",\"width\":1080,\"height\":1080},{\"@type\":\"BreadcrumbList\",\"@id\":\"https:\/\/inigual.es\/producto\/pack-merienda\/#breadcrumb\",\"itemListElement\":[{\"@type\":\"ListItem\",\"position\":1,\"name\":\"Portada\",\"item\":\"https:\/\/inigual.es\/\"},{\"@type\":\"ListItem\",\"position\":2,\"name\":\"Tienda\",\"item\":\"https:\/\/inigual.es\/tienda\/\"},{\"@type\":\"ListItem\",\"position\":3,\"name\":\"Pack Merienda\"}]},{\"@type\":\"WebSite\",\"@id\":\"https:\/\/inigual.es\/#website\",\"url\":\"https:\/\/inigual.es\/\",\"name\":\"Inigual | Reposter\u00eda creativa\",\"description\":\"Hacemos de la reposter\u00eda creativa un estilo de vida. Nos especializamos en crear dulces y emociones. Obrador tradicional con un toque Inigual.\",\"publisher\":{\"@id\":\"https:\/\/inigual.es\/#organization\"},\"potentialAction\":[{\"@type\":\"SearchAction\",\"target\":{\"@type\":\"EntryPoint\",\"urlTemplate\":\"https:\/\/inigual.es\/?s={search_term_string}\"},\"query-input\":{\"@type\":\"PropertyValueSpecification\",\"valueRequired\":true,\"valueName\":\"search_term_string\"}}],\"inLanguage\":\"en-GB\"},{\"@type\":\"Organization\",\"@id\":\"https:\/\/inigual.es\/#organization\",\"name\":\"Inigual | Reposter\u00eda creativa\",\"url\":\"https:\/\/inigual.es\/\",\"logo\":{\"@type\":\"ImageObject\",\"inLanguage\":\"en-GB\",\"@id\":\"https:\/\/inigual.es\/#\/schema\/logo\/image\/\",\"url\":\"https:\/\/pacher-pruebas.com\/wp-content\/uploads\/2025\/09\/logo-inigual-perfil.png\",\"contentUrl\":\"https:\/\/pacher-pruebas.com\/wp-content\/uploads\/2025\/09\/logo-inigual-perfil.png\",\"width\":500,\"height\":500,\"caption\":\"Inigual | Reposter\u00eda creativa\"},\"image\":{\"@id\":\"https:\/\/inigual.es\/#\/schema\/logo\/image\/\"},\"sameAs\":[\"https:\/\/www.facebook.com\/Inigual-700262766834423\",\"https:\/\/www.instagram.com\/inigualciudadreal\"]}]}<\/script>\n<!-- \/ Yoast SEO plugin. -->","yoast_head_json":{"title":"Pack Merienda - Inigual | Reposter\u00eda creativa","robots":{"index":"index","follow":"follow","max-snippet":"max-snippet:-1","max-image-preview":"max-image-preview:large","max-video-preview":"max-video-preview:-1"},"canonical":"https:\/\/inigual.es\/en\/product\/pack-merienda\/","og_locale":"en_GB","og_type":"article","og_title":"Pack Merienda - Inigual | Reposter\u00eda creativa","og_description":"A ver, a ver.  \u00bfHay algo mejor que una rica merendola con la gente que m\u00e1s quieres?  Recordando an\u00e9cdotas mientras os deleit\u00e1is con un delicioso tarrito de mousse, disfrut\u00e1is juntos de unos cakepops, unos minidonuts, devor\u00e1is la mini tarta de queso y nuestras cookies mientras os refresc\u00e1is con un riqu\u00edsimo cappuccino. Adem\u00e1s, puedes incluir nuestra bandeja salada, y acompa\u00f1ar todo lo anterior con jam\u00f3n serrano y uno de los quesos m\u00e1s famosos de nuestra tierra, el queso manchego de Don Apolonio. \u00bfSuena bien, verdad?  \u00bfA qu\u00e9 esperas para reservarlo?","og_url":"https:\/\/inigual.es\/en\/product\/pack-merienda\/","og_site_name":"Inigual | Reposter\u00eda creativa","article_publisher":"https:\/\/www.facebook.com\/Inigual-700262766834423","article_modified_time":"2025-09-19T20:37:36+00:00","og_image":[{"width":1080,"height":1080,"url":"https:\/\/inigual.es\/wp-content\/uploads\/2025\/09\/pack-merienda-ok.webp","type":"image\/webp"}],"twitter_card":"summary_large_image","schema":{"@context":"https:\/\/schema.org","@graph":[{"@type":"WebPage","@id":"https:\/\/inigual.es\/producto\/pack-merienda\/","url":"https:\/\/inigual.es\/producto\/pack-merienda\/","name":"Pack Merienda - Inigual | Reposter\u00eda creativa","isPartOf":{"@id":"https:\/\/inigual.es\/#website"},"primaryImageOfPage":{"@id":"https:\/\/inigual.es\/producto\/pack-merienda\/#primaryimage"},"image":{"@id":"https:\/\/inigual.es\/producto\/pack-merienda\/#primaryimage"},"thumbnailUrl":"https:\/\/inigual.es\/wp-content\/uploads\/2025\/09\/pack-merienda-ok.webp","datePublished":"2025-09-19T20:29:23+00:00","dateModified":"2025-09-19T20:37:36+00:00","breadcrumb":{"@id":"https:\/\/inigual.es\/producto\/pack-merienda\/#breadcrumb"},"inLanguage":"en-GB","potentialAction":[{"@type":"ReadAction","target":["https:\/\/inigual.es\/producto\/pack-merienda\/"]}]},{"@type":"ImageObject","inLanguage":"en-GB","@id":"https:\/\/inigual.es\/producto\/pack-merienda\/#primaryimage","url":"https:\/\/inigual.es\/wp-content\/uploads\/2025\/09\/pack-merienda-ok.webp","contentUrl":"https:\/\/inigual.es\/wp-content\/uploads\/2025\/09\/pack-merienda-ok.webp","width":1080,"height":1080},{"@type":"BreadcrumbList","@id":"https:\/\/inigual.es\/producto\/pack-merienda\/#breadcrumb","itemListElement":[{"@type":"ListItem","position":1,"name":"Portada","item":"https:\/\/inigual.es\/"},{"@type":"ListItem","position":2,"name":"Tienda","item":"https:\/\/inigual.es\/tienda\/"},{"@type":"ListItem","position":3,"name":"Pack Merienda"}]},{"@type":"WebSite","@id":"https:\/\/inigual.es\/#website","url":"https:\/\/inigual.es\/","name":"Inigual | Reposter\u00eda creativa","description":"Hacemos de la reposter\u00eda creativa un estilo de vida. Nos especializamos en crear dulces y emociones. Obrador tradicional con un toque Inigual.","publisher":{"@id":"https:\/\/inigual.es\/#organization"},"potentialAction":[{"@type":"SearchAction","target":{"@type":"EntryPoint","urlTemplate":"https:\/\/inigual.es\/?s={search_term_string}"},"query-input":{"@type":"PropertyValueSpecification","valueRequired":true,"valueName":"search_term_string"}}],"inLanguage":"en-GB"},{"@type":"Organization","@id":"https:\/\/inigual.es\/#organization","name":"Inigual | Reposter\u00eda creativa","url":"https:\/\/inigual.es\/","logo":{"@type":"ImageObject","inLanguage":"en-GB","@id":"https:\/\/inigual.es\/#\/schema\/logo\/image\/","url":"https:\/\/pacher-pruebas.com\/wp-content\/uploads\/2025\/09\/logo-inigual-perfil.png","contentUrl":"https:\/\/pacher-pruebas.com\/wp-content\/uploads\/2025\/09\/logo-inigual-perfil.png","width":500,"height":500,"caption":"Inigual | Reposter\u00eda creativa"},"image":{"@id":"https:\/\/inigual.es\/#\/schema\/logo\/image\/"},"sameAs":["https:\/\/www.facebook.com\/Inigual-700262766834423","https:\/\/www.instagram.com\/inigualciudadreal"]}]}},"_links":{"self":[{"href":"https:\/\/inigual.es\/en\/wp-json\/wp\/v2\/product\/4550","targetHints":{"allow":["GET"]}}],"collection":[{"href":"https:\/\/inigual.es\/en\/wp-json\/wp\/v2\/product"}],"about":[{"href":"https:\/\/inigual.es\/en\/wp-json\/wp\/v2\/types\/product"}],"replies":[{"embeddable":true,"href":"https:\/\/inigual.es\/en\/wp-json\/wp\/v2\/comments?post=4550"}],"wp:featuredmedia":[{"embeddable":true,"href":"https:\/\/inigual.es\/en\/wp-json\/wp\/v2\/media\/4551"}],"wp:attachment":[{"href":"https:\/\/inigual.es\/en\/wp-json\/wp\/v2\/media?parent=4550"}],"wp:term":[{"taxonomy":"product_brand","embeddable":true,"href":"https:\/\/inigual.es\/en\/wp-json\/wp\/v2\/product_brand?post=4550"},{"taxonomy":"product_cat","embeddable":true,"href":"https:\/\/inigual.es\/en\/wp-json\/wp\/v2\/product_cat?post=4550"},{"taxonomy":"product_tag","embeddable":true,"href":"https:\/\/inigual.es\/en\/wp-json\/wp\/v2\/product_tag?post=4550"}],"curies":[{"name":"wp","href":"https:\/\/api.w.org\/{rel}","templated":true}]}}

<!-- This site is optimized with the Yoast SEO plugin v27.2 - https://yoast.com/product/yoast-seo-wordpress/ -->
<title>Pack Merienda - Inigual | Repostería creativa</title>
<meta name="robots" content="index, follow, max-snippet:-1, max-image-preview:large, max-video-preview:-1" />
<link rel="canonical" href="https://inigual.es/en/product/pack-merienda/" />
<meta property="og:locale" content="en_GB" />
<meta property="og:type" content="article" />
<meta property="og:title" content="Pack Merienda - Inigual | Repostería creativa" />
<meta property="og:description" content="A ver, a ver.  ¿Hay algo mejor que una rica merendola con la gente que más quieres?  Recordando anécdotas mientras os deleitáis con un delicioso tarrito de mousse, disfrutáis juntos de unos cakepops, unos minidonuts, devoráis la mini tarta de queso y nuestras cookies mientras os refrescáis con un riquísimo cappuccino. Además, puedes incluir nuestra bandeja salada, y acompañar todo lo anterior con jamón serrano y uno de los quesos más famosos de nuestra tierra, el queso manchego de Don Apolonio. ¿Suena bien, verdad?  ¿A qué esperas para reservarlo?" />
<meta property="og:url" content="https://inigual.es/en/product/pack-merienda/" />
<meta property="og:site_name" content="Inigual | Repostería creativa" />
<meta property="article:publisher" content="https://www.facebook.com/Inigual-700262766834423" />
<meta property="article:modified_time" content="2025-09-19T20:37:36+00:00" />
<meta property="og:image" content="https://inigual.es/wp-content/uploads/2025/09/pack-merienda-ok.webp" />
	<meta property="og:image:width" content="1080" />
	<meta property="og:image:height" content="1080" />
	<meta property="og:image:type" content="image/webp" />
<meta name="twitter:card" content="summary_large_image" />
<script type="application/ld+json" class="yoast-schema-graph">{"@context":"https://schema.org","@graph":[{"@type":"WebPage","@id":"https://inigual.es/producto/pack-merienda/","url":"https://inigual.es/producto/pack-merienda/","name":"Pack Merienda - Inigual | Repostería creativa","isPartOf":{"@id":"https://inigual.es/#website"},"primaryImageOfPage":{"@id":"https://inigual.es/producto/pack-merienda/#primaryimage"},"image":{"@id":"https://inigual.es/producto/pack-merienda/#primaryimage"},"thumbnailUrl":"https://inigual.es/wp-content/uploads/2025/09/pack-merienda-ok.webp","datePublished":"2025-09-19T20:29:23+00:00","dateModified":"2025-09-19T20:37:36+00:00","breadcrumb":{"@id":"https://inigual.es/producto/pack-merienda/#breadcrumb"},"inLanguage":"en-GB","potentialAction":[{"@type":"ReadAction","target":["https://inigual.es/producto/pack-merienda/"]}]},{"@type":"ImageObject","inLanguage":"en-GB","@id":"https://inigual.es/producto/pack-merienda/#primaryimage","url":"https://inigual.es/wp-content/uploads/2025/09/pack-merienda-ok.webp","contentUrl":"https://inigual.es/wp-content/uploads/2025/09/pack-merienda-ok.webp","width":1080,"height":1080},{"@type":"BreadcrumbList","@id":"https://inigual.es/producto/pack-merienda/#breadcrumb","itemListElement":[{"@type":"ListItem","position":1,"name":"Portada","item":"https://inigual.es/"},{"@type":"ListItem","position":2,"name":"Tienda","item":"https://inigual.es/tienda/"},{"@type":"ListItem","position":3,"name":"Pack Merienda"}]},{"@type":"WebSite","@id":"https://inigual.es/#website","url":"https://inigual.es/","name":"Inigual | Repostería creativa","description":"Hacemos de la repostería creativa un estilo de vida. Nos especializamos en crear dulces y emociones. Obrador tradicional con un toque Inigual.","publisher":{"@id":"https://inigual.es/#organization"},"potentialAction":[{"@type":"SearchAction","target":{"@type":"EntryPoint","urlTemplate":"https://inigual.es/?s={search_term_string}"},"query-input":{"@type":"PropertyValueSpecification","valueRequired":true,"valueName":"search_term_string"}}],"inLanguage":"en-GB"},{"@type":"Organization","@id":"https://inigual.es/#organization","name":"Inigual | Repostería creativa","url":"https://inigual.es/","logo":{"@type":"ImageObject","inLanguage":"en-GB","@id":"https://inigual.es/#/schema/logo/image/","url":"https://pacher-pruebas.com/wp-content/uploads/2025/09/logo-inigual-perfil.png","contentUrl":"https://pacher-pruebas.com/wp-content/uploads/2025/09/logo-inigual-perfil.png","width":500,"height":500,"caption":"Inigual | Repostería creativa"},"image":{"@id":"https://inigual.es/#/schema/logo/image/"},"sameAs":["https://www.facebook.com/Inigual-700262766834423","https://www.instagram.com/inigualciudadreal"]}]}</script>
<!-- / Yoast SEO plugin. -->

Pack Merienda - Inigual | Repostería creativa

A ver, a ver.  ¿Hay algo mejor que una rica merendola con la gente que más quieres?  Recordando anécdotas mientras os deleitáis con un delicioso tarrito de mousse, disfrutáis juntos de unos cakepops, unos minidonuts, devoráis la mini tarta de queso y nuestras cookies mientras os refrescáis con un riquísimo cappuccino. Además, puedes incluir nuestra bandeja salada, y acompañar todo lo anterior con jamón serrano y uno de los quesos más famosos de nuestra tierra, el queso manchego de Don Apolonio. ¿Suena bien, verdad?  ¿A qué esperas para reservarlo?

Inigual | Repostería creativa

Hacemos de la repostería creativa un estilo de vida. Nos especializamos en crear dulces y emociones. Obrador tradicional con un toque Inigual.
